d v?
15
Suppose 2*h - 2 = -18. Let g = h + 20. Let b(m) = 11*m - 4. Let x be b(2). Calculate the highest common divisor of g and x.
6
Suppose 5*d - 1 = -b + 28, -4*d - 2*b = -28. Suppose 0*q - d*q = -20. Calculate the highest common divisor of 28 and q.
4
Let s be (-6)/(-9) - 1730/(-15). What is the greatest common factor of s and 29?
29
Let x(h) = -2*h - 2. Let k be x(6). Let o = 25 + k. Calculate the greatest common divisor of o and 44.
11
Let o be 1/5 - 1/5. Suppose -9 = 4*q + 4*a + 3, o = -2*q + a - 6. Let t be q/(1*3/(-4)). Calculate the greatest common divisor of t and 28.
4
Let j = -184 - -284. Suppose 0 = p + 46 - 66. What is the greatest common divisor of p and j?
20
Let q(l) = -l**3 + 9*l**2 + 12*l - 7. Let o be q(8). Let t be 24/(-27)*-3*6. Let r = 1 + t. What is the highest common divisor of o and r?
17
Let p = 58 - 26. Let o = 46 - p. Suppose 5*m + 51 = 3*c - 137, 4 = -m. What is the greatest common factor of c and o?
14
Let r be 2/(-10) + (108/15 - 2). What is the highest common divisor of 55 and r?
5
Let a(r) = r**3 - 4*r**2 + 4*r - 3. Let j be a(4). What is the greatest common divisor of j and 13?
13
Let j be (-2)/(57/30 - 2). Suppose -5*p + j = -35. What is the highest common divisor of p and 11?
11
Let p = -6 + 10. Suppose 4*d - 5*r = 3*d + 17, 0 = d - 3*r - 11. Suppose -3*g = 0, 2*g - 5 + 13 = d*y. Calculate the greatest common divisor of p and y.
4
Let n be (2 + (-1 - 2))*-17. Let z be 1677/9 + 8/12. What is the highest common factor of z and n?
17
Let a be 1055/15 - 3/9. What is the highest common divisor of a and 14?
14
Let c(v) = 3*v - 3. Let w be c(2). Let b be 1/1*3*2/6. What is the greatest common factor of b and w?
1
Suppose 4 = -4*o + 8*o. Calculate the highest common factor of o and 3.
1
Let g(o) = o**3 - 6*o**2 + 6*o. Let n be g(4). Let v(k) = -2*k**2 - 2*k. Let a be v(3). Let q = n - a. Calculate the highest common divisor of q and 16.
16
Let f(q) = -6*q + 2. Let c be f(-2). Let o(i) = -2*i - 6. Let v be o(-4). Calculate the greatest common divisor of v and c.
2
Let k(w) = -5*w - 14. Let b be k(-7). Calculate the highest common factor of 7 and b.
7
Suppose 0 = -23*t + 19*t + 88. Calculate the highest common factor of t and 99.
11
Suppose 10 = -5*o + 45. Suppose 4*z + a - 225 = 0, 2*a + 364 = 5*z + 86. What is the greatest common divisor of o and z?
7
Let b(q) be the first derivative of q**4/4 - 5*q**3/3 - 3*q**2 + q + 2. Let x be b(6). Let z be 3 - -2 - 0/x. Calculate the highest common divisor of z and 2.
1
Let s(v) = -7*v. Let h be s(-3). Let c be (-2364)/(-28) + (-9)/21. What is the greatest common factor of h and c?
21
Suppose c - 7*c = -252. Calculate the greatest common divisor of c and 105.
21
Let s be (-1)/(-1*2/10). Suppose -s*i + 48 = 4*p, 4*p + p - 43 = -2*i. Calculate the highest common divisor of 14 and p.
7
Let p(z) = 11*z**2 - 3. Let a be p(3). Suppose 5*m - 3*v + 0 = 72, 3*m - 4*v = 52. Let c = 0 + m. What is the highest common divisor of a and c?
12
Let a be (-1 - 0) + 20 - 0. Let i = a + 16. What is the highest common factor of 14 and i?
7
Let q(f) = -196*f + f**2 - 1 - 2 + 198*f. Let t = 1 - -2. Let c be q(t). What is the greatest common divisor of c and 8?
4
Suppose 0 = -m + y + 41, -4*y = -2*m + 30 + 62. What is the greatest common divisor of m and 24?
12
Let h(m) = 2*m**2 - 6*m - 1. Let i be h(6). Let a be 3*(3 - 6/9). Calculate the highest common divisor of i and a.
7
Suppose -5*m - 5*x + x + 336 = 0, -2*m - 4*x + 144 = 0. What is the highest common divisor of 16 and m?
16
Suppose -2*i + 2 = -i. Calculate the greatest common factor of 18 and i.
2
Let c = -9 - -20. Suppose 10 = -4*h - 10. Let y be (-53)/h - (-18)/45. Calculate the highest common divisor of c and y.
11
Let g = 75 - 55. Calculate the highest common factor of g and 180.
20
Suppose 2*f - 23 = 5. Calculate the greatest common divisor of f and 154.
14
Let t be -18*1/(6/(-20)). What is the greatest common divisor of 12 and t?
12
Suppose -k = -5*k + m + 733, -4*k = -4*m - 724. Suppose 0 = 3*p + 12, -k + 4 = -4*u + 2*p. Let f = u + -3. Calculate the greatest common factor of 16 and f.
8
Let p = 126 - 36. What is the greatest common divisor of 18 and p?
18
Let n(f) = -f. Let g be n(-7). Suppose -13 = -y - 0*y - 4*u, -5*y + 4*u - 7 = 0. Let p be (-35)/((y - 2)*1). Calculate the greatest common divisor of g and p.
7
Suppose 6*i = 9*i - 276. Suppose 234 = 2*z + 3*z + 3*r, -2*z = 2*r - i. Calculate the greatest common divisor of z and 6.
6
Suppose -4*k + 14 = 3*m, 0*m = -2*m - 5*k + 7. Calculate the highest common factor of m and 30.
6
Let o be 3*(-4)/(36/(-3)). What is the greatest common divisor of o and 7?
1
Let t(g) = -g**2 + 7*g + 9. Let o be t(7). What is the greatest common factor of o and 63?
9
Let a be (-24 + 0)*35/(-28). Calculate the highest common factor of 330 and a.
30
Let c = 12 + -9. Calculate the highest common factor of 15 and c.
3
Let a = 5 - 3. Let u be 17/a - (-2)/(-4). Suppose 2*b - 13 + 2 = -5*w, -3 = 3*w. Calculate the greatest common divisor of b and u.
8
Suppose o + 2*o = -b + 20, -2*b + 30 = 4*o. Suppose -38 = -3*l - m, -l - 58 = -b*l - 5*m. What is the highest common divisor of 84 and l?
12
Suppose 0 = 2*o - 13 - 117. Let f(z) = 6*z - 11. Let h be f(4). What is the greatest common factor of h and o?
13
Suppose -4*c + 3 = -3*g, 3*c + 4*g - 32 = -11. Let x be 495/10 - 1/(-2). Suppose -2*q + 16 = -x. What is the greatest common factor of c and q?
3
Let s(p) be the second derivative of 7*p**4/12 - p**3/6 - p**2 + 6*p. Let c be -3 - (0 + -2 + 1). Let t be s(c). What is the highest common factor of t and 42?
14
Suppose -2*w + 3*d + 51 = 0, -2*d + 4 = -2. Calculate the highest common divisor of w and 150.
30
Suppose 2*c - 4*n = -4, 3*c - n + 0 - 9 = 0. What is the highest common divisor of 44 and c?
4
Suppose 11*z - 3*z - 176 = 0. Calculate the greatest common factor of 88 and z.
22
Let m = 78 + -70. Calculate the highest common divisor of 20 and m.
4
Let g(a) = -a**2 - 1. Let q(s) = 8*s**2 + s - 3. Let t(n) = -3*g(n) + q(n). Let b be t(-1). Calculate the highest common divisor of b and 10.
10
Let n = 29 - 17. Let h(o) = 11*o - 4. Suppose -3*p + 3*j + 23 + 4 = 0, 43 = 5*p - 3*j. Let z be h(p). Calculate the greatest common factor of n and z.
12
Let h(s) = 3*s**2 - 8*s + 13. Let k be h(2). Calculate the highest common factor of 27 and k.
9
Suppose 0 = -q - 2*y + 10, 20 = 4*q + 2*y + 2*y. Suppose q*c - 144 = -2*c. Let j be (c/28)/(6/28). Calculate the greatest common divisor of 12 and j.
12
Let d = -133 - -299. Let o = -3 - -8. Suppose o*a = h + 153, d - 55 = 4*a + 3*h. What is the greatest common divisor of 75 and a?
15
Let k be (-5)/5 - (1 - 141). Let q(v) = v**3 - 4*v**2 - 5*v + 1. Let u be q(4). Let p = k + u. What is the highest common divisor of 15 and p?
15
Suppose 5*o + 16 = -4, 2*o = 2*p - 48. Let q = p + -17. Suppose 0 = -i + 23 + 10. Calculate the greatest common factor of i and q.
3
Let y(i) = i**2 - 2*i - 2. Let o be y(3). Let f be ((-28)/(-8))/(o/10). Calculate the highest common factor of 5 and f.
5
Let f = -3 - -14. Let q(m) = 123*m - 2. Let z be q(1). Calculate the greatest common divisor of z and f.
11
Let m(q) = q + 1. Let a be m(4). Let w be 1/((-2)/60*-3). Let r(z) = z**2 - 6*z. Let i be r(w). Calculate the highest common divisor of i and a.
5
Let w be (2 + 9*-13)*1. Let a = -59 - w. Let d(u) = u**3 + 15*u**2 - u - 8. Let y be d(-15). What is the highest common factor of a and y?
7
Let x be (-78)/(-30) - (-3)/(-5). Let g = 4 - x. Suppose -g*y + 52 = 2*y. Calculate the highest common factor of 13 and y.
13
Suppose -4*g = 5*p - 84, 3*p - p - 63 = -3*g. Let u be 6/g - (-332)/14. What is the highest common factor of 12 and u?
12
Let i be ((-4)/6)/((-1)/27). Suppose 0 = 3*m - 2*x - 18, 4*x = -8*m + 3*m + 8. Suppose -m*t - 5 = -41. Calculate the highest common divisor of t and i.
9
Let p = 23 - 7. Suppose -x - 5*r - p = -2, r - 20 = -4*x. Let m be 14/(-49) - 23/(-7). What is the highest common divisor of m and x?
3
Let d be 6/(-1 + -1) - -2. Let o be (-6)/(d*3)*4. Let n(h) = 3*h**2 - 2*h + 7. Let t be n(5). What is the highest common factor of o and t?
8
Suppose 2*n = -6, -3*r + 1 = 2*n + 4. Suppose -r = -2*l + 1. Let b be 3 - (-3 - 1)/(-2). Calculate the greatest common factor of l and b.
1
Let q = 